) = 4*j + 177. Give k(45).
357
Let n(d) = -d**3 + 46*d**2 - 342*d + 268. Determine n(37).
-65
Let c(l) = 9*l**2 + 13*l + 10. Give c(-1).
6
Let o(x) = -2*x**3 - 14*x**2 + 97*x + 670. Calculate o(-7).
-9
Let o(c) = -53*c**2 - 1166*c - 53. Determine o(-22).
-53
Let z(t) = 2*t**3 + 2*t**2 - 1882*t - 1885. Calculate z(-1).
-3
Let l(s) = 18*s + 1771. Calculate l(-101).
-47
Let n(c) = -7*c**2 - 18*c - 38. Calculate n(-4).
-78
Let u(l) = l**2 + 27*l + 154. Determine u(-5).
44
Let d(y) = 3152*y - 15779. Calculate d(5).
-19
Let j(i) = -i**2 - 31*i + 36. What is j(-33)?
-30
Let j(t) = -t**3 - 89*t**2 + 1119*t - 214. Determine j(11).
-5
Let m(h) = 57*h + 920. Give m(-19).
-163
Let v(h) = h**2 - 104*h + 1392. What is v(97)?
713
Let p(m) = 47*m + 237. Determine p(-5).
2
Let w(p) = 5*p**3 - 158*p**2 + 64*p + 135. Determine w(31).
-764
Let p(s) = -s**2 - 30*s - 244. What is p(-30)?
-244
Let v(w) = -2*w**3 + 2*w**2 - 4*w + 140. Determine v(0).
140
Let h(w) = -w**2 + 22*w - 61. Calculate h(3).
-4
Let q(m) = -968*m - 3914. Calculate q(-4).
-42
Let m(u) = -u**2 - 209*u - 4288. What is m(-23)?
-10
Let i(m) = -m**3 + 21*m**2 + 10*m - 17. Calculate i(21).
193
Let p(t) = 99*t - 2079. Calculate p(21).
0
Let q(p) = p**3 + 19*p**2 + 71*p + 13. What is q(-14)?
-1
Let y(h) = 2*h**2 + 98*h + 405. Calculate y(-47).
217
Let p(k) = -k**2 + 203*k + 1045. Determine p(-5).
5
Let y(w) = 3*w**2 - 23*w + 50. Determine y(6).
20
Let a(u) = -2*u + 70. What is a(-13)?
96
Let l(j) = -5*j**2 - 22*j. Calculate l(-4).
8
Let s(k) = -7*k**3 - 5*k**2 - 17*k + 57. Give s(2).
-53
Let z(x) = x**3 + 5*x**2 - 5*x + 7. What is z(2)?
25
Let t(i) = -3*i**2 + 43*i + 32. Determine t(22).
-474
Let c(h) = h**2 + 97*h + 1912. Give c(-31).
-134
Let r(z) = -4*z**2 - 63*z + 193. Give r(3).
-32
Let y(a) = -2*a**3 + 4*a**2 + 97*a + 29. Determine y(-6).
23
Let b(v) = -2*v**3 + v**2 + 22*v - 77. Determine b(7).
-560
Let v(k) = 609*k + 2439. Give v(-4).
3
Let q(t) = -98*t - 5. Give q(1).
-103
Let u(a) = 25*a**2 - 527*a + 11. What is u(21)?
-31
Let i(n) = 3*n**3 + n**2 + 97*n - 201. Calculate i(2).
21
Let q(k) = k**3 + 50*k**2 - 8*k + 26. What is q(-50)?
426
Let w(q) = 15*q - 1. Calculate w(-29).
-436
Let x(o) = 14*o**2 + 54*o. Determine x(2).
164
Let k(j) = j**3 + 26*j**2 + 125*j + 10. Determine k(-7).
66
Let j(t) = 5527*t - 27631. Calculate j(5).
4
Let a(w) = -2*w**3 + 120*w**2 + 128*w - 148. Determine a(61).
218
Let l(b) = 57*b**2 - 25*b - 1. Determine l(1).
31
Let c(g) = g**3 - 25*g**2 - 25*g - 44. Determine c(26).
-18
Let y(v) = -305*v + 6088. Determine y(20).
-12
Let q(i) = -5*i**2 - 172*i - 1221. Determine q(-10).
-1
Let g(z) = -2*z**2 - 48*z - 6. Give g(-24).
-6
Let v(f) = f**3 + 22*f**2 + 20*f - 11. What is v(-21)?
10
Let v(c) = c**3 + 13*c**2 + 10*c + 48. Determine v(-12).
72
Let i(v) = 12964*v - 1. Give i(0).
-1
Let d(j) = j**3 - 8*j**2 + 12*j + 64. What is d(5)?
49
Let a(t) = 48*t**2 + 305*t + 89. Calculate a(-6).
-13
Let u(b) = -b**3 + 62*b**2 - 174*b + 1. Calculate u(3).
10
Let a(j) = j**3 - 8*j**2 + 22*j - 51. Determine a(6).
9
Let b(k) = k**2 - 55*k - 425. Give b(-7).
9
Let y(b) = 3*b**3 + 41*b**2 + 175*b - 7. Give y(-7).
-252
Let c(k) = 49*k - 374. What is c(7)?
-31
Let r(g) = -g**3 + g**2 - 2*g + 167. Calculate r(0).
167
Let g(z) = -z**2 + 19*z + 1. Calculate g(0).
1
Let s(j) = 938*j + 11221. Determine s(-12).
-35
Let p(n) = -118*n + 914. What is p(8)?
-30
Let o(i) = 1259*i - 7547. Give o(6).
7
Let a(v) = 2*v**2 + 34*v + 177. Determine a(-8).
33
Let d(n) = -n**3 + 3*n**2 - 9*n + 4. What is d(4)?
-48
Let c(p) = 4*p**3 - 14*p**2 - 28*p - 17. Give c(5).
-7
Let b(m) = -1091*m + 12001. Calculate b(11).
0
Let j(n) = 125*n - 2880. What is j(23)?
-5
Let g(c) = -c**3 - 11*c**2 - 28*c - 32. Calculate g(-6).
-44
Let t(o) = -6*o**2 + 33*o - 191. Give t(14).
-905
Let h(j) = 85*j - 411. What is h(5)?
14
Let o(r) = 2*r**3 - 97*r**2 - 48*r - 5. Determine o(49).
44
Let l(i) = i**3 - 8*i**2 + 29*i - 486. Calculate l(10).
4
Let x(t) = -2*t**3 - 60*t**2 - 165*t - 77. Give x(-27).
4
Let m(s) = 2*s + 35. Determine m(11).
57
Let j(l) = -l**2 - 51*l - 640. Calculate j(-25).
10
Let t(g) = g**3 + 11*g**2 + 85*g + 801. Determine t(-10).
51
Let w(n) = -n**3 + 10*n**2 + 53*n - 349. What is w(12)?
-1
Let f(j) = j**2 + 55*j + 167. Determine f(-52).
11
Let d(n) = 5*n - 923. Give d(67).
-588
Let m(y) = -247*y - 161. Determine m(-1).
86
Let s(f) = -f**3 - 38*f**2 + 23*f + 18. Calculate s(-39).
642
Let c(t) = 3*t**2 + 26*t - 248. Determine c(-14).
-24
Let c(w) = 2*w**3 - 5*w**2 - 33*w + 36. Give c(5).
-4
Let s(l) = 2*l**2 + 105*l + 900. Determine s(-42).
18
Let h(b) = -b**3 + 57*b**2 - 50*b - 278. Give h(56).
58
Let n(x) = 2*x**3 - 44*x**2 + 41*x + 65. Give n(21).
44
Let b(g) = -309*g - 46938. What is b(-152)?
30
Let d(l) = l**2 - l - 40. Determine d(7).
2
Let g(z) = -z**2 + 55*z - 280. What is g(7)?
56
Let a(p) = -p - 96. Calculate a(13).
-109
Let v(n) = 4*n - 70. What is v(-2)?
-78
Let p(a) = 154*a + 677. Calculate p(-4).
61
Let m(r) = r**3 - 2*r + 7. What is m(5)?
122
Let j(n) = -72*n + 1505. Calculate j(21).
-7
Let u(p) = -17*p**2 - 1089*p - 40. Calculate u(-64).
24
Let k(g) = 4*g**2 - 31*g - 5. Determine k(8).
3
Let s(x) = x**3 - 6*x**2 + 191*x - 1148. What is s(6)?
-2
Let n(z) = 33*z**2 + 253*z - 70. Give n(-8).
18
Let z(a) = 499*a - 31437. Calculate z(63).
0
Let y(d) = -47*d + 52. Give y(6).
-230
Let s(g) = g**3 - 12*g**2 - 14*g - 29. Give s(13).
-42
Let y(a) = -45*a + 6655. Determine y(148).
-5
Let n(m) = -m**3 + 9*m**2 + m + 41. Determine n(0).
41
Let u(z) = 40*z - 130. Determine u(5).
70
Let w(p) = -405*p + 60351. Calculate w(149).
6
Let w(r) = 13*r + 23. Give w(19).
270
Let p(y) = 60*y + 1623. Calculate p(-27).
3
Let z(u) = 56*u - 495. Determine z(10).
65
Let f(s) = -54*s - 23. Calculate f(-10).
517
Let l(v) = -323*v + 8404. What is l(26)?
6
Let t(z) = -100*z - 161. What is t(-3)?
139
Let n(b) = 278*b + 3517. Determine n(-12).
181
Let o(w) = -42*w - 811. Give o(-19).
-13
Let t(a) = -2*a**3 + 44*a + 118. What is t(-3)?
40
Let p(k) = 22228*k - 66688. What is p(3)?
-4
Let g(v) = -v**3 - 110*v**2 - 93*v + 1756. What is g(-109)?
12
Let m(s) = -10*s + 13. Give m(5).
-37
Let j(z) = -1733*z**2 + 3470*z - 7. Calculate j(2).
1
Let p(a) = 89*a - 1948. Give p(21).
-79
Let m(a) = 54*a + 6922. Determine m(-128).
10
Let c(z) = z**2 + 59*z + 37. What is c(-66)?
499
Let u(n) = 2*n**2 + 104*n - 6098. Give u(35).
-8
Let k(q) = -q**3 - 54*q**2 + 104*q - 599. Give k(-56).
-151
Let r(q) = 7*q**2 + 7*q - 72. Give r(3).
12
Let w(b) = 3082*b + 15473. Calculate w(-5).
63
Let a(o) = 2*o**3 - 18*o**2 + 10*o - 23. What is a(7)?
-149
Let c(u) = 4*u**3 + 2*u**2 - 5*u + 3. What is c(1)?
4
Let s(l) = -2*l**3 + 15*l**2 - 2*l + 8. Give s(4).
112
Let v(w) = w**2 - 30*w + 90. Give v(24).
-54
Let u(f) = -174*f + 476. What is u(6)?
-568
Let m(d) = d**2 - 4*d - 145. Give m(10).
-85
Let r(l) = -l**2 - 21*l + 18. Give r(0).
18
Let r(c) = 5*c**3 + 60*c**2 + 53*c - 23. Calculate r(-11).
-1
Let w(k) = -48*k - 2547. What is w(-53)?
-3
Let s(p) = 688*p - 129344. What is s(188)?
0
Let p(m) = -m**3 + 2*m**2 + 2*m - 255. What is p(0)?
-255
Let h(o) = 5*o**2 - 39*o + 12. Give h(0).
12
Let q(j) = -j**3 - 44*j**2 - 368*j - 12. Calculate q(-11).
43
Let g(v) = -103*v + 1835. Calculate g(18).
-19
Let k(t) = -557*t - 176. What is k(-2)?
938
Let c(j) = 40*j + 2950. Give c(-74).
-10
Let d(c) = 454*c - 66283. Determine d(146).
1
Let a(o) = 2*o**2 - 297*o - 5979. Calculate a(-18).
15
Let z(n) = -102*n + 7346. Determine z(72).
2
Let k(x) = -x**3 - 67*x**2 - 126*x + 255. Give k(-65).
-5
Let u(q) = q**2 + 52*q - 3. Give u(-6).
-279
Let s(n) = -16*n + 256. Give s(14).
32
Let r(k) = -2*k**2 + 22*k + 1. Give r(0).
1
Let g(j) = 1074*j - 19. What is g(0)?
-19
Let l(f) = -62*f + 1368. Determine l(21).
66
Let m(n) = 2*n**3 + 193*n**2 + 164*n + 6537. Give m(-96).
9
Let y(f) = 41*f**3 - 2*f**2 - 135*f - 134. Determine y(-1).
-42
Let o(t) = -t**3 - 21*t**2 - 143*t - 3008. Determine o(-21).
-5
Let p(v) = 2*v - 76. Determine p(41).
6
Let x(q) = -6*q - 33. Give x(-6).
3
Let k(q) = q**3 + 10*q**2 + 27*q + 69. Calculate k(-7).
27
Let a(p) = p**3 - 6*p**2 + 11*p. Give a(4).
12
Let h(q) = 504*q**2 + 1513*q + 2. What is h(-3)?
-1
Let i(w) = -w**2 + 8*w - 2. Determine i(13).
-67
Let f(y) = 18*y -